y n.
39
Let v(z) = 4*z**2 - 69*z + 69. Calculate the remainder when v(19) is divided by 43.
30
Suppose 3*q = -67 + 103. Suppose 2*r = -2, 4*w - q = 4*r + 36. Calculate the remainder when 21 is divided by w.
10
Suppose 94 = 3*s - s + m, -m = -3*s + 151. Suppose -29*l = -27*l - 26. What is the remainder when s is divided by l?
10
Suppose 0 = -40*d - 460 + 1580. What is the remainder when 445 is divided by d?
25
Let q be (-2)/(-3) - (-138)/9. Let r(a) = -2*a**2 + 36*a - 37. What is the remainder when r(q) is divided by 12?
3
Let s(k) = -68*k - 309. What is the remainder when s(-7) is divided by 88?
79
Calculate the remainder when 33 is divided by -5 - (-2)/((-5)/(-50) - 0).
3
Suppose -3*v = -3*c + 15, 5*c = -v - 0*v + 19. Let j be (0 + -1)*c/(-2). Suppose -j*i + 24 = -0*i. What is the remainder when 33 is divided by i?
9
Let c be 4/6*(-30)/(-4). Suppose c*r = 5, 7 - 26 = -k - 5*r. Suppose -22 = -o - 0*o + f, -62 = -2*o - 4*f. What is the remainder when o is divided by k?
11
Let a = 58 - 12. Let s(d) = -3*d**2 - 87*d - 358. Calculate the remainder when s(-9) is divided by a.
44
Suppose 78 = 2*r + 4*m, -4*r + 111 = m - 52. What is the remainder when r is divided by 4?
1
Suppose 5*z - 3*v - 504 = 0, 4*z = 5*z + 4*v - 110. Suppose 2*g - 3*p = 7*g - z, -78 = -5*g + 3*p. Calculate the remainder when g is divided by 13.
5
Let b(s) = s**3 - 35*s**2 - 88*s - 82. What is the remainder when b(38) is divided by 65?
61
Let a = -114 + 129. Suppose 2*g - 9 = 3*g. Calculate the remainder when (-399)/g - (-1)/(-3) is divided by a.
14
Let z(v) = -v**3 + 9*v**2 - 3*v + 2. Let r = 14 + -9. Suppose 0 = -r*p + 15 + 25. Calculate the remainder when z(p) is divided by 11.
9
Suppose -176 = -5*w + 234. Let r = 555 - 534. What is the remainder when w is divided by r?
19
Let a = -580 - -662. What is the remainder when 316 is divided by a?
70
Suppose -15*m - 3232 = -23*m. Suppose 9*o = m + 10. Calculate the remainder when 321 is divided by o.
45
Suppose 39*b - 324 = 222. What is the remainder when b is divided by 11?
3
Let s(l) = -4*l**3 - 31*l**2 - 12*l + 20. What is the remainder when s(-8) is divided by 85?
10
Let j(z) = 2*z - 4. Let w = 21 + 34. Suppose -5*t = -5*s - w, -t + 5*s + 27 = -0*t. What is the remainder when j(8) is divided by t?
5
Let w = 107 - 355. Calculate the remainder when (-3)/(3*4/w) is divided by 13.
10
Let u = 10 - 5. Suppose -x - d - 3*d + 43 = 0, -u*x + 139 = d. Let g(o) = -o**2 + 7*o - 5. Calculate the remainder when x is divided by g(4).
6
Let s(r) = -r**3 + 11*r**2 - 2*r + 12. Let b be s(10). Suppose -10*m = -b - 28. Calculate the remainder when 106 is divided by m.
10
Calculate the remainder when ((-12)/(-16))/(-6 - (-987)/164) is divided by 9.
5
Suppose 5 = -12*c + 13*c. Suppose 65 = 9*d - 4*d - 5*y, -c*d = y - 35. What is the remainder when 37 is divided by d?
5
Let g(a) = 3*a**2 + 19*a - 27. Calculate the remainder when 29 is divided by g(-8).
3
Let h(o) = -19*o - 16. What is the remainder when h(-4) is divided by 32?
28
Let y = 15 - 10. Suppose -y*u + u + 44 = 0. Calculate the remainder when (-930)/(-75)*10/4 is divided by u.
9
Let k = 147 - 89. Let u = 3 - -9. Calculate the remainder when k is divided by u.
10
What is the remainder when 48*6/(120/25) is divided by 33?
27
Let a = -5568 - -5584. Let n = 8 - -21. Calculate the remainder when n is divided by a.
13
Let y be (4/(-5))/((-2)/10). Suppose y*o + 10 = 6*o. Suppose 34*s = -3*n + 35*s + 7, -20 = -4*s. Calculate the remainder when o is divided by n.
1
Suppose -4*h + 3*x - 50 = 0, -3*h - 5*x + 12 = 35. Suppose -2*z + 11 = -27. Let y = h + z. What is the remainder when 29 is divided by y?
5
Let k(i) = 2 - 5 - 5 - 4*i + 3. Let c be k(-3). Let q = 14 - c. What is the remainder when q is divided by 2?
1
Let a = 8 - 4. Suppose a*h = 4 + 4, -u + 3*h = -5. Let n = -40 + 43. What is the remainder when u is divided by n?
2
Suppose -o + 4*f + 385 = 0, 150 + 230 = o - 5*f. Suppose 6*n - 237 - o = 0. Calculate the remainder when n is divided by 12.
11
Let n = -2256 - -2262. Calculate the remainder when 13 is divided by n.
1
Let l(x) = x**3 + 10*x**2 + 10*x + 13. Let m be l(-9). Suppose m*w = 16, 5*w - 6*w = 3*r - 739. Calculate the remainder when r is divided by 41.
40
Let d be (-25)/20 + 5 - 1/(-4). Suppose 8 = -3*u + 113. Calculate the remainder when u is divided by 10 - 8/d - -1.
8
Suppose -5*k + 479 = 4*o, 3*k + 2*o + 118 = 405. Calculate the remainder when k is divided by 9.
5
Let d(g) = -g**3 - 16*g**2 + 7*g + 146. What is the remainder when d(-16) is divided by 8?
2
Let r be 14/(-7) - (-8 + 0). Let t = 1 + 4. Suppose -b + t = 2*y + r, y = -4. Calculate the remainder when b is divided by 5.
2
Suppose -3*y = -5*m - 0*m - 1403, -4*y + 1860 = 4*m. Calculate the remainder when y is divided by 36.
34
Calculate the remainder when 278 is divided by (-2 - 5)*-7*(-12)/(-42).
12
Let a(j) = -j**3 - 21*j**2 - 17*j + 18. Let x be a(-20). Let g = -40 - x. What is the remainder when g is divided by 2?
0
Let y = -14 - -16. Calculate the remainder when 0/(-1) - (3 - 16) is divided by ((-2)/10)/(y/(-10)) - -3.
1
Suppose -3*b + 24 = -4*y, 0 = -3*b - 5*y + 36 - 12. Let h(l) = 5*l + 0 + 1 - 10. What is the remainder when h(b) is divided by 8?
7
Suppose p = -i + 17, -i = 4*p - p - 15. Let c(d) = d**2 - 18*d + 9. Calculate the remainder when (102/(-9))/(2/(-3)) is divided by c(i).
8
Calculate the remainder when (5/(-6))/((-9)/3348) is divided by 74.
14
Let o(x) = 7*x - 11. Let r(p) = 3*p - 5. Let k(i) = -2*o(i) + 5*r(i). Let v be k(4). Let d = v - -22. Calculate the remainder when 90 is divided by d.
21
Let a(k) = -k**3 - 8*k**2 - 7*k - 8. Let t be a(-8). Let q = -40 + t. Calculate the remainder when 20 is divided by q.
4
Suppose -2*k - 3*k + 40 = 0. Let p = 11 + -6. What is the remainder when k is divided by p?
3
Suppose 0 = 4*r + 3*s - 49, -r + 5*r = -2*s + 46. Let w be (-1*7)/(6/18). Let v = 50 + w. What is the remainder when v is divided by r?
9
Let n(s) = 0*s + 3*s - 19 + 3*s. What is the remainder when 170 is divided by n(9)?
30
Suppose 0*l - 3*l = -3114. Calculate the remainder when (-2)/8 - l/(-24) is divided by (-2 + -13)*(-1)/1.
13
Let f = 16900 - 16645. Let r = -31 + 74. What is the remainder when f is divided by r?
40
Let t = -41 - -70. Let a = 28 + 85. Calculate the remainder when a is divided by t.
26
Suppose 0 = -15*k + 14*k - 4*w + 28, -4*k + 126 = 2*w. Let p = 27 + -16. What is the remainder when k is divided by p?
10
Let l be (-1 - 6)/((-6)/(-6 + 0)). Suppose 2*h = -3*i + 35, -3*i = 2*h - i - 38. What is the remainder when h is divided by (-14 + 7)/l*(1 + 12)?
9
Let g = 683 - 501. Calculate the remainder when g is divided by 62.
58
Suppose -2*t + 3*t - 2 = 0, -264 = -3*u - 3*t. What is the remainder when u is divided by (58/5)/((-132)/(-110))*3?
28
Let b(z) = 2*z**2 + 16. Let c be b(-7). Let s be c/(-4)*10/(-15). Let g = s + -6. What is the remainder when g is divided by 4?
1
Suppose 3*b = 5*v + 230, 11 + 9 = 4*v. Suppose 7*l - 2*l = b. What is the remainder when l is divided by 6?
5
Suppose -4*j - 4*l + 36 = 0, 2*j - 2*l = -j + 22. Let n(s) = 24*s + 7. What is the remainder when n(j) is divided by 40?
39
Suppose 3*o = -2*m + 110, 3*m + 3 + 155 = 5*o. What is the remainder when (-1184)/(-18) - 2/(-9) is divided by o?
32
Suppose 5*c + 2*s = -5 + 20, 3*c + 4*s = 23. Suppose 8 = -3*q + 4*y, -11 = 7*q - 5*q + 3*y. Calculate the remainder when q + 12/c + 0 is divided by 3.
2
Let u(n) = 2*n**2 - 3*n - 9. Let b be u(4). Suppose b*r = 6*r + 550. Calculate the remainder when 19 is divided by (-1)/5 - (-572)/r.
4
Suppose -16 = -105*j + 109*j. Suppose -5*c = -10, -3*r + 7 = -4*c + 3. Calculate the remainder when j/7 - 592/(-56) is divided by r.
2
Suppose s - 44 - 1 = 0. Let v = 17 + -8. Calculate the remainder when ((-15)/9)/((-5)/s) is divided by v.
6
Suppose 4*n - 96 - 62 = -2*y, 4*n + 5*y = 143. Suppose -9*d + n = -7*d. Calculate the remainder when 81 is divided by d.
18
Let r(v) = 19*v**2 - 2*v + 1. Suppose -59 = 6*a + 187. Let n = a + 92. What is the remainder when n is divided by r(1)?
15
Let s(p) = p**2 + 2*p + 34. Calculate the remainder when s(-7) is divided by 12.
9
Suppose -264 = 8*d - 14*d. What is the remainder when 438 is divided by d?
42
Let u(z) = 7*z. Let x(s) = s**2 + 9*s + 27. Let l = -